se
Is 50 a factor of 4343954125?
False
Is 14966107 a multiple of 13?
True
Is 969560140 a multiple of 95?
False
Is 459268674 a multiple of 340?
False
Is 14 a factor of 2441691337?
False
Is 301640948 a multiple of 9713?
False
Is 247962974 a multiple of 259?
True
Is 3292720120 a multiple of 37?
False
Is 49 a factor of 146649797?
True
Is 28 a factor of 118384396?
False
Is 503 a factor of 135102279?
True
Is 2 a factor of 96987812?
True
Is 883413147 a multiple of 7041?
True
Is 60 a factor of 94651800?
True
Is 6721544 a multiple of 124?
True
Does 164 divide 50898070?
False
Is 4218 a factor of 298954620?
False
Does 51 divide 532441323?
False
Is 81 a factor of 135887256?
False
Is 137653272 a multiple of 4?
True
Is 58 a factor of 184834168?
True
Is 18613215 a multiple of 166?
False
Is 666 a factor of 40661298?
True
Does 223 divide 1628929385?
False
Is 123464544 a multiple of 4098?
True
Does 341 divide 520432252?
False
Is 301861538 a multiple of 270?
False
Does 20 divide 3239660?
True
Is 19 a factor of 19909433?
False
Is 3758 a factor of 7053639?
False
Is 1856865736 a multiple of 1428?
False
Is 107467475 a multiple of 653?
True
Does 5 divide 6455041?
False
Is 51079 even?
False
Does 38 divide 1221854322?
False
Does 4645 divide 786727946?
False
Does 52 divide 24921568?
False
Is 22 a factor of 398034743?
False
Is 1365507519 a multiple of 479?
False
Does 46 divide 9296140?
True
Is 64827200 a multiple of 124?
True
Is 15 a factor of 676081615?
False
Is 277 a factor of 1364409092?
False
Is 36 a factor of 70061472?
True
Is 12 a factor of 67614132?
True
Is 22 a factor of 118961321?
False
Does 668 divide 1350249652?
False
Is 122243814 a multiple of 63?
True
Is 22008992 a multiple of 23?
False
Is 56594596 a multiple of 1229?
False
Is 61 a factor of 237259744?
True
Does 384 divide 47423232?
True
Is 23 a factor of 23323909?
True
Does 621 divide 85713064?
False
Is 1389 a factor of 2935648098?
False
Does 628 divide 243064260?
True
Is 831640406 a multiple of 224?
False
Does 355 divide 1007969724?
False
Is 1676480107 a multiple of 158?
False
Is 356517232 a multiple of 10?
False
Is 44046960 a multiple of 60?
True
Does 26 divide 789247212?
True
Is 45281726 a multiple of 7?
True
Is 40815572 a multiple of 2261?
True
Is 651 a factor of 281142876?
False
Is 164651481 a multiple of 85?
False
Is 13567020 a multiple of 1410?
True
Is 162732339 a multiple of 77?
True
Does 6 divide 8453058?
True
Does 2059 divide 420297493?
True
Is 6 a factor of 232773933?
False
Is 145887539 a multiple of 586?
False
Does 147 divide 107982672?
True
Is 26780688 a multiple of 198?
True
Does 179 divide 169132096?
False
Is 29 a factor of 27725942?
False
Is 10 a factor of 1172090?
True
Is 21 a factor of 7938985582?
False
Is 21 a factor of 865484046?
True
Is 36572544 a multiple of 32?
True
Is 88038249 a multiple of 13?
True
Is 95295406 a multiple of 79?
False
Does 650 divide 151014597?
False
Does 6 divide 60886989?
False
Is 606275010 a multiple of 2487?
False
Is 53611036 a multiple of 3543?
False
Is 2903816080 a multiple of 20?
True
Does 23 divide 230178070?
False
Does 4 divide 153091240?
True
Is 649 a factor of 65459900?
False
Does 8571 divide 3050916018?
True
Does 19 divide 206696801?
True
Does 64 divide 831695949?
False
Does 201 divide 120593403?
False
Does 166 divide 533623932?
True
Is 1128818615 a multiple of 17?
True
Is 2471390543 a multiple of 32?
False
Does 65 divide 151550544?
False
Is 471 a factor of 544674?
False
Is 84 a factor of 20245917?
False
Does 26 divide 29231205?
False
Is 61 a factor of 1650311260?
False
Is 10 a factor of 933106?
False
Does 2246 divide 2153467046?
True
Is 780 a factor of 319188480?
True
Is 319569525 a multiple of 16?
False
Is 19 a factor of 85066743?
True
Is 203624040 a multiple of 120?
True
Is 22 a factor of 18254303?
False
Is 2729450045 a multiple of 721?
True
Is 103 a factor of 325539272?
False
Is 12 a factor of 4697439?
False
Is 21 a factor of 27017394?
False
Does 468 divide 970247712?
False
Does 36 divide 239607590?
False
Is 147431279 a multiple of 24?
False
Does 72 divide 94363191?
False
Is 48 a factor of 33853104?
True
Is 110 a factor of 37958559?
False
Does 123 divide 27574021?
False
Is 183999002 a multiple of 703?
True
Is 38 a factor of 672041476?
True
Is 107100835 a multiple of 565?
True
Does 267 divide 1212631764?
True
Is 2915552 even?
True
Is 73720234 a multiple of 31?
False
Is 646686846 a multiple of 234?
True
Is 15159176 even?
True
Is 19481328 a multiple of 2?
True
Does 67 divide 91657809?
True
Is 767 a factor of 27581756?
False
Is 7044256 a multiple of 184?
True
Is 479 a factor of 29556340?
False
Is 81 a factor of 168379560?
True
Is 948959244 a multiple of 1734?
True
Does 1094 divide 20688634?
True
Does 13 divide 26426426?
True
Is 72234756 a multiple of 109?
False
Is 2 a factor of 26686575?
False
Is 6087 a factor of 719400107?
False
Is 54126930 a multiple of 3410?
True
Is 52 a factor of 4830775508?
True
Is 236843440 a multiple of 10?
True
Is 7 a factor of 570695960?
False
Is 3005383 a multiple of 53?
False
Is 339 a factor of 168463024?
False
Is 612491046 a multiple of 45?
False
Is 2293 a factor of 179952347?
True
Is 1611276875 a multiple of 45?
False
Is 196798400 a multiple of 160?
True
Is 81085792 a multiple of 16?
True
Is 68 a factor of 3262708?
True
Is 24 a factor of 1374117720?
True
Does 21 divide 63312207?
True
Does 208 divide 1741038624?
True
Is 183674144 a multiple of 104?
False
Does 15 divide 16921789?
False
Is 70011220 a multiple of 46?
False
Is 130 a factor of 95781920?
True
Is 53635628 a multiple of 694?
False
Is 1627 a factor of 282513348?
False
Is 20 a factor of 25870058?
False
Does 1006 divide 365676976?
True
Does 123 divide 135181518?
False
Is 7541644 a multiple of 11?
True
Is 62566457 a multiple of 166?
False
Is 182 a factor of 1876402?
False
Is 477979116 a multiple of 5021?
True
Is 104 a factor of 459352088?
True
Is 16278804 a multiple of 492?
True
Does 174 divide 5855796?
True
Does 10 divide 106923634?
False
Is 10 a factor of 1366216200?
True
Is 19527271 a multiple of 26?
False
Is 15 a factor of 2172194535?
True
Does 28 divide 242315584?
True
Is 277 a factor of 11190393?
False
Is 594700216 a multiple of 1276?
True
Is 87382403 a multiple of 12?
False
Does 2258 divide 940809248?
True
Is 471180149 a multiple of 21?
False
Is 1704343436 a multiple of 6352?
False
Is 640 a factor of 26038501?
False
Does 148 divide 248461808?
True
Is 663118007 a multiple of 5?
False
Does 2 divide 92916397?
False
Does 2 divide 2192576?
True
Is 204304663 a multiple of 14?
False
Is 1764879624 a multiple of 3090?
False
Does 622 divide 2289285306?
True
Is 148456 a multiple of 14?
True
Does 494 divide 487299878?
True
Does 8 divide 124914045?
False
Is 3435 a factor of 138464850?
True
Is 313 a factor of 1326139?
False
Is 105206328 a multiple of 6?
True
Is 693636 a multiple of 61?
False
Does 47 divide 1304611900?
True
Is 552 a factor of 17400288?
False
Does 1500 divide 4205044500?
True
Is 113024713 a multiple of 3556?
False
Does 145 divide 3678206?
False
Is 67 a factor of 19161397?
True
Does 51 divide 13842263?
False
Is 4197733834 a multiple of 7996?
False
Does 198 divide 1298564365?
False
Is 420 a factor of 40840762?
False
Does 11 divide 3531961?
False
Is 740969856 a multiple of 1752?
True
Is 3538458 a multiple of 9?
True
Is 48 a factor of 211420329?
False
Is 367758300 a multiple of 1418?
True
Is 236055344 a multiple of 38?
False
Does 731 divide 100263229?
True
Does 26 divide 507097161?
False
Is 4065875 a multiple of 2957?
True
Is 32968770 a multiple of 1965?
True
Does 37 divide 2832432908?
False
Is 343935906 a multiple of 135?
False
Does 1811 divide 1174406335?
True
Does 443 divide 1438864397?
False
Is 2464 a factor of 215759528?
False
Is 7536 a factor of 266382528?
True
Is 20 a factor of 56726300?
True
Is 34284008 a multiple of 571?
False
Is 226 a factor of 1293427154?
True
Is 2548459644 a multiple of 38?
False
Does 16 divide 15974864?
True
Is 8518510 a multiple of 55?
True
Does 11223 divide 1520507022?
False
Does 201 divide 205374162?
True
Is 1513389506 a multiple of 42?
False
Is 12 a factor of 4040777832?
True
Does 100 divide 352165888?
False
Is 731738679 a multiple of 7?
True
Is 13 a factor of 404614080?
True
Is 2 a factor of 161643561?
False
Is 4840388 a multipl